{"id":554,"date":"2024-10-06T23:50:25","date_gmt":"2024-10-06T21:50:25","guid":{"rendered":"https:\/\/pdm.pb.edu.pl\/2024\/?page_id=554"},"modified":"2024-10-22T11:52:52","modified_gmt":"2024-10-22T09:52:52","slug":"zarejestruj-sie","status":"publish","type":"page","link":"https:\/\/pdm.pb.edu.pl\/2024\/rejestracja\/zarejestruj-sie\/","title":{"rendered":"Zarejestruj si\u0119"},"content":{"rendered":"<p>Aby zarejestrowa\u0107 grup\u0119 uczni\u00f3w\/ucznia, prosimy o post\u0119powanie zgodnie z poni\u017cszymi krokami:<\/p>\n<p><strong>Krok 1: Zapoznanie si\u0119 z programem<\/strong><br \/>\nNa stronie internetowej Podlaskich Dni Matematyki znajdziecie Pa\u0144stwo <a href=\"https:\/\/pdm.pb.edu.pl\/2024\/program\/kalendarium-wydarzen\/\">szczeg\u00f3\u0142owy program wydarze\u0144<\/a>. Prosimy o dok\u0142adne przejrzenie dost\u0119pnych wyk\u0142ad\u00f3w, warsztat\u00f3w oraz innych atrakcji. Ka\u017cde wydarzenie jest dedykowane okre\u015blonej grupie wiekowej uczni\u00f3w, dlatego prosimy o zwr\u00f3cenie uwagi na informacje dotycz\u0105ce:<\/p>\n<ul>\n<li>grupy docelowej (np. klasy 1-3, 3-6, 7-8, szko\u0142y \u015brednie),<\/li>\n<li>daty i godziny poszczeg\u00f3lnych wydarze\u0144,<\/li>\n<li>liczby dost\u0119pnych miejsc.<\/li>\n<\/ul>\n<p><strong>Krok 2: Wyb\u00f3r wydarze\u0144<\/strong><br \/>\nProsimy o wybranie wydarze\u0144 odpowiednich dla Pa\u0144stwa grupy wiekowej, kt\u00f3re b\u0119d\u0105 najlepiej odpowiada\u0107 zainteresowaniom i poziomowi uczni\u00f3w.<\/p>\n<p><strong>Krok 3: Rejestracja grupy<\/strong><br \/>\nAby zarejestrowa\u0107 grup\u0119 uczni\u00f3w, prosimy o wype\u0142nienie formularza zg\u0142oszeniowego dost\u0119pnego po klikni\u0119ci przycisku <strong>zarejestruj si\u0119<\/strong> na wybranym wydarzeniu.<\/p>\n<p>Dodatkowo, w formularzu znajduje si\u0119 pole na dodatkowe pytania lub uwagi, kt\u00f3re chcieliby Pa\u0144stwo przekaza\u0107 organizatorom (np. szczeg\u00f3lne potrzeby uczni\u00f3w, pytania dotycz\u0105ce wydarze\u0144).<\/p>\n<p><strong>Krok 4: Wys\u0142anie zg\u0142oszenia<\/strong><br \/>\nPo wype\u0142nieniu wszystkich wymaganych p\u00f3l prosimy o wys\u0142anie zg\u0142oszenia.<\/p>\n<p>Uwaga: Wys\u0142anie zg\u0142oszenia nie jest r\u00f3wnoznaczne z ostateczn\u0105 rejestracj\u0105. Zg\u0142oszenie zostanie zweryfikowane przez organizator\u00f3w, a ostateczne potwierdzenie przyj\u0119cia grupy zostanie przes\u0142ane na podany adres e-mail po zako\u0144czeniu weryfikacji.<\/p>\n<p><strong>Krok 5: Potwierdzenie rejestracji<\/strong><br \/>\nPo pozytywnym rozpatrzeniu zg\u0142oszenia, otrzymaj\u0105 Pa\u0144stwo e-mail z potwierdzeniem przyj\u0119cia zg\u0142oszenia oraz szczeg\u00f3\u0142ami dotycz\u0105cymi wydarzenia. <\/p>\n<p><strong>Krok 6. Dok\u0142adnie sprawd\u017a i zapisz numer i adres sali, w kt\u00f3rej odbywaj\u0105 si\u0119 zaj\u0119cia.<\/strong><br \/>\nPrzed przybyciem na zaj\u0119cia, prosz\u0119 sprawdzi\u0107, w jakiej sali odbywa si\u0119 wyk\u0142ad\/warsztat.<br \/>\nJe\u015bli nie podano inaczej to zaj\u0119cia odbywaj\u0105 si\u0119 w salach Wydzia\u0142u Informatyki Politechniki Bia\u0142ostockiej, ul. Wiejska 45A. <\/p>\n<p>&nbsp;<br \/>\nW przypadku pyta\u0144 lub problem\u00f3w z rejestracj\u0105 prosimy o kontakt z administratorem pod podanymi danymi kontaktowymi.<br \/>\n&nbsp;<br \/>\nDzi\u0119kujemy za zainteresowanie Podlaskimi Dniami Matematyki i do zobaczenia na wydarzeniach!<br \/>\n&nbsp;<\/p>\n","protected":false},"excerpt":{"rendered":"<p>Aby zarejestrowa\u0107 grup\u0119 uczni\u00f3w\/ucznia, prosimy o post\u0119powanie zgodnie z poni\u017cszymi krokami: Krok 1: Zapoznanie si\u0119 z programem Na stronie internetowej Podlaskich Dni Matematyki znajdziecie Pa\u0144stwo szczeg\u00f3\u0142owy program wydarze\u0144. Prosimy o dok\u0142adne przejrzenie dost\u0119pnych wyk\u0142ad\u00f3w, warsztat\u00f3w oraz innych atrakcji. Ka\u017cde wydarzenie jest dedykowane okre\u015blonej grupie wiekowej uczni\u00f3w, dlatego prosimy o zwr\u00f3cenie uwagi na informacje dotycz\u0105ce: grupy [&hellip;]<\/p>\n","protected":false},"author":2,"featured_media":0,"parent":552,"menu_order":1,"comment_status":"closed","ping_status":"closed","template":"","meta":{"ngg_post_thumbnail":0,"footnotes":""},"class_list":["post-554","page","type-page","status-publish","hentry"],"aioseo_notices":[],"_links":{"self":[{"href":"https:\/\/pdm.pb.edu.pl\/2024\/wp-json\/wp\/v2\/pages\/554","targetHints":{"allow":["GET"]}}],"collection":[{"href":"https:\/\/pdm.pb.edu.pl\/2024\/wp-json\/wp\/v2\/pages"}],"about":[{"href":"https:\/\/pdm.pb.edu.pl\/2024\/wp-json\/wp\/v2\/types\/page"}],"author":[{"embeddable":true,"href":"https:\/\/pdm.pb.edu.pl\/2024\/wp-json\/wp\/v2\/users\/2"}],"replies":[{"embeddable":true,"href":"https:\/\/pdm.pb.edu.pl\/2024\/wp-json\/wp\/v2\/comments?post=554"}],"version-history":[{"count":10,"href":"https:\/\/pdm.pb.edu.pl\/2024\/wp-json\/wp\/v2\/pages\/554\/revisions"}],"predecessor-version":[{"id":652,"href":"https:\/\/pdm.pb.edu.pl\/2024\/wp-json\/wp\/v2\/pages\/554\/revisions\/652"}],"up":[{"embeddable":true,"href":"https:\/\/pdm.pb.edu.pl\/2024\/wp-json\/wp\/v2\/pages\/552"}],"wp:attachment":[{"href":"https:\/\/pdm.pb.edu.pl\/2024\/wp-json\/wp\/v2\/media?parent=554"}],"curies":[{"name":"wp","href":"https:\/\/api.w.org\/{rel}","templated":true}]}}